common divisor of 21 and 3676365?
21
What is the highest common factor of 1008 and 3248?
112
What is the highest common divisor of 1 and 27770?
1
What is the highest common factor of 11115 and 171855?
855
Calculate the highest common divisor of 2828 and 6060.
404
Calculate the greatest common divisor of 38 and 1167626.
38
Calculate the greatest common factor of 13 and 128713.
13
What is the greatest common factor of 619947 and 27?
27
Calculate the highest common divisor of 4147694 and 34.
34
What is the highest common factor of 220 and 592240?
220
Calculate the greatest common factor of 3426260 and 10.
10
What is the highest common divisor of 24 and 444639?
3
What is the highest common factor of 188540 and 220?
220
What is the greatest common factor of 708447 and 321?
321
What is the highest common divisor of 126624 and 636?
12
Calculate the highest common factor of 336 and 481512.
24
What is the greatest common divisor of 36 and 35910?
18
Calculate the highest common divisor of 3 and 61449.
3
Calculate the highest common factor of 644 and 2524963.
161
Calculate the greatest common divisor of 2099762 and 322.
322
What is the highest common factor of 5921 and 775?
31
What is the greatest common divisor of 4872 and 77?
7
Calculate the highest common factor of 4 and 6806.
2
Calculate the highest common factor of 3328 and 20864.
128
What is the greatest common divisor of 59688 and 16560?
72
Calculate the highest common factor of 13 and 22462609.
13
Calculate the highest common factor of 287 and 349279.
287
Calculate the greatest common divisor of 76523 and 2891.
59
What is the greatest common divisor of 276 and 105869?
23
Calculate the highest common factor of 77571 and 8775.
351
What is the highest common factor of 18 and 16209?
9
What is the greatest common divisor of 8 and 9607888?
8
What is the highest common divisor of 760 and 1605?
5
Calculate the highest common factor of 68 and 630054.
34
What is the highest common factor of 58406 and 522?
58
What is the highest common divisor of 151 and 27?
1
Calculate the highest common factor of 6468 and 19922.
14
Calculate the highest common divisor of 1519 and 14651.
49
Calculate the highest common factor of 407 and 19712.
11
Calculate the highest common factor of 39739 and 5096.
49
What is the highest common factor of 69 and 81489?
69
Calculate the greatest common divisor of 47 and 43663.
47
What is the greatest common factor of 113440 and 180?
20
What is the greatest common divisor of 150581 and 299?
23
What is the greatest common factor of 14970 and 3?
3
What is the highest common divisor of 147372 and 36?
12
What is the greatest common factor of 26000 and 23712?
208
What is the greatest common divisor of 4110 and 42881?
137
What is the greatest common divisor of 728 and 957502?
182
What is the highest common divisor of 93 and 807?
3
What is the greatest common divisor of 10952 and 16576?
296
What is the highest common factor of 20 and 967350?
10
What is the highest common factor of 1603 and 301?
7
What is the greatest common factor of 31594 and 2?
2
Calculate the highest common divisor of 10955 and 1785.
35
Calculate the greatest common divisor of 663 and 1581.
51
Calculate the highest common divisor of 59353 and 2989.
427
Calculate the highest common factor of 5974 and 3683.
29
What is the greatest common divisor of 27383 and 278?
139
What is the greatest common factor of 27 and 6676263?
27
Calculate the greatest common factor of 26 and 5317.
13
Calculate the highest common factor of 280384 and 312.
104
What is the highest common factor of 14924 and 322?
14
What is the highest common divisor of 25920 and 19035?
405
What is the highest common divisor of 100 and 4040?
20
Calculate the highest common factor of 1476 and 35568.
36
What is the greatest common factor of 44019 and 8979?
219
What is the greatest common divisor of 1 and 260441?
1
Calculate the highest common divisor of 38306 and 3424.
214
Calculate the highest common divisor of 6244056 and 52.
52
What is the highest common factor of 79 and 3775252?
79
What is the highest common divisor of 1106 and 102542?
158
Calculate the highest common divisor of 13 and 2559.
1
Calculate the greatest common factor of 5017 and 87.
29
What is the greatest common divisor of 2917277 and 44?
11
Calculate the highest common factor of 4366093 and 1343.
1343
Calculate the highest common factor of 1660435 and 140.
35
What is the highest common factor of 26 and 2295761?
13
What is the highest common divisor of 465 and 278535?
465
Calculate the greatest common factor of 90233 and 55.
11
Calculate the greatest common divisor of 6176 and 18721.
193
What is the highest common factor of 546 and 1449?
21
What is the greatest common divisor of 1200 and 1312?
16
Calculate the greatest common divisor of 224871 and 69.
69
Calculate the greatest common divisor of 30864 and 144.
48
What is the highest common divisor of 629 and 74?
37
Calculate the highest common divisor of 169801 and 14099.
613
Calculate the highest common factor of 127013 and 76046.
809
What is the greatest common factor of 123 and 41533?
41
Calculate the greatest common divisor of 108570 and 924.
462
Calculate the greatest common divisor of 9 and 6352578.
9
What is the greatest common factor of 2953524 and 294?
294
Calculate the highest common divisor of 359825 and 575.
25
Calculate the highest common factor of 252 and 32949.
63
Calculate the greatest common divisor of 8336 and 1424.
16
Calculate the greatest common factor of 112 and 2576.
112
What is the greatest common divisor of 63 and 12273471?
63
Calculate the greatest common divisor of 6868 and 12563.
17
Calculate the greatest common divisor of 264 and 23078.
22
Calculate the greatest common divisor of 432804 and 36.
12
Calculate the highest common factor of 814 and 21682.
74
What is the highest common divisor of 311 and 323440?
311
Calculate the highest common factor of 1325814 and 105.
21
Calculate the greatest common factor of 180 and 5988.
12
What is the greatest common factor of 2947 and 1725258?
421
Calculate the greatest common factor of 121757 and 40845.
389
What is the highest common divisor of 456 and 814872?
456
What is the highest common factor of 13 and 330109?
13
Calculate the highest common divisor of 6576 and 87817.
137
Calculate the greatest common divisor of 7528 and 46.
2
Calculate the greatest common factor of 78 and 4392.
6
What is the greatest common divisor of 28 and 66094?
14
What is the greatest common divisor of 1698099 and 52?
13
What is the greatest common divisor of 291455 and 3905?
355
Calculate the greatest common factor of 11864 and 480.
8
Calculate the greatest common factor of 214889 and 23.
23
What is the greatest common factor of 2205 and 268065?
315
What is the highest common factor of 10 and 1348070?
10
What is the highest common divisor of 11 and 5277?
1
What is the highest common divisor of 10944 and 7056?
144
Calculate the greatest common factor of 34037328 and 156.
156
What is the highest common factor of 1980 and 3384480?
660
What is the greatest common divisor of 11877 and 4551?
111
Calculate the highest common divisor of 133276 and 110.
22
What is the greatest common factor of 8 and 48960?
8
Calculate the highest common factor of 75 and 270775.
25
Calculate the highest common divisor of 341 and 347325.
11
What is the greatest common factor of 86720 and 1480?
40
Calculate the highest common factor of 448 and 505792.
448
What is the highest common divisor of 36 and 31833?
9
What is the greatest common factor of 29360 and 16?
16
Calculate the highest common divisor of 4623185 and 70.
35
Calculate the highest common factor of 1887 and 1785.
51
Calculate the greatest common factor of 1404 and 17628.
156
What is the greatest common divisor of 133 and 39786?
19
Calculate the highest common factor of 4190 and 257266.
838
Calculate the greatest common factor of 5253 and 309.
309
Calculate the greatest common factor of 86320 and 2600.
520
What is the greatest common divisor of 123 and 1365?
3
Calculate the highest common divisor of 1564 and 175508.
68
Calculate the greatest common factor of 916 and 2208476.
916
What is the greatest common factor of 664 and 601252?
332
Calculate the greatest common divisor of 2947